 + 2 - 0. Give k(p).
6
Let x = 21 + -15. Let p(k) = 2*k + 3 - 3*k - x + 2. Let q = -10 + 12. What is p(q)?
-3
Suppose -1 = -n, -43 = 6*h - 2*h - 3*n. Let q(d) = d**3 + 11*d**2 + 11*d + 7. Calculate q(h).
-3
Suppose -4 = x - 3*x. Let g(h) = -4*h**2 - 2*h - 3. Let c be 6/(-15) + 36/(-10) - -5. Let t(j) = -j**2 + 1. Let d(b) = c*g(b) + x*t(b). Give d(-1).
-5
Let k(f) = -f**2 + 1. Let u(y) = 68*y**2 + 4*y + 1. Let i be u(-1). Let a = i - 66. Determine k(a).
0
Let u(v) = 7*v - 3. Let i be 6/1 + (-20)/10. Suppose -i*f = -3*t + 10, -7 = -3*t + t + 3*f. Calculate u(t).
11
Suppose 6*l + 352 = 17*l. Let j(s) = 29 + s**2 + 3*s + 2*s**3 - 3*s**2 - l. Give j(2).
11
Suppose 2 = 3*f - f. Let o(g) = -10*g + 2*g + 8*g + f + g. Suppose c = -c - 2. Give o(c).
0
Let x(v) = 2*v + 21. Let w be (130/(-15))/(6/9). Let c(h) = h + 10. Let y(p) = w*c(p) + 6*x(p). Give y(-2).
-2
Let q(r) be the second derivative of r**6/60 + r**5/15 + r**4/8 + r**3/6 - 5*r**2/2 - 10*r. Let s(d) be the first derivative of q(d). Give s(-2).
-5
Let q(m) be the first derivative of 2*m - 32 + 1/2*m**2. Determine q(-3).
-1
Let a(t) be the second derivative of -t**4/24 - 2*t**3 - 9*t**2/2 - 3*t. Let d(h) be the first derivative of a(h). What is d(-6)?
-6
Let w(d) = -8 + 237*d - 473*d + 235*d. Calculate w(-8).
0
Suppose 3*n + 2*v - 11 + 46 = 0, 0 = 3*n + 4*v + 43. Let m be (18/(-4))/n*68. Let k be (m/153)/(2/18). Let h(f) = -f**3 + 3*f**2 - 3*f + 2. Calculate h(k).
0
Let p(m) = m**2 - 2*m + 3. Suppose -2*q = 4*c + 11 + 11, 1 = -2*c + q. Let b(k) = -2*k**2 + k - 4. Let f(r) = c*p(r) - 2*b(r). What is f(-3)?
-4
Let h(i) be the first derivative of -2*i**2 + 44*i - 164. Give h(9).
8
Let y(i) be the second derivative of i**4/12 + 3*i**3/2 + 15*i**2/2 - 32*i + 11. Determine y(-8).
7
Suppose 5*i - 15 = 2*i - 3*r, 0 = -5*r - 5. Suppose -j - 1 = -i. Let g(y) = 2*y - 1 + 2 + j. Determine g(-6).
-6
Let l(n) be the second derivative of -1/2*n**3 + 2*n + 0 - 1/2*n**2. What is l(-5)?
14
Let m(d) = -37*d + 41. Let a be m(1). Let z(x) be the first derivative of -1/3*x**3 - 5 + 3/2*x**2 + a*x. Calculate z(5).
-6
Let v(c) = 2*c**2 + 4*c + 6. Let u(w) = -5*w**2 - 9*w - 16. Let x(y) = 3*u(y) + 7*v(y). Calculate x(0).
-6
Let f(v) = -13*v**2 - 1. Let o be (1/2)/((-2)/(-124)). Let z be ((-23)/(-4) - 8)/(3/(-40)). Let p = z - o. Determine f(p).
-14
Let z(u) = 4*u + 8. Let f(i) = 5*i + 10. Let n(s) = -5*f(s) + 6*z(s). Calculate n(7).
-9
Let t(m) = 1630*m - m**2 + 1634*m - 14 - 3263*m. Calculate t(0).
-14
Let k(w) = 1 + 3*w - 9*w + 0 + 0 + w. Calculate k(-1).
6
Let a(g) = -g**3 + 8*g**2 + 7*g + 11. Let o(n) = n**3 - n**2 - n + 19. Let w be o(5). Suppose 109*v = w*v - 45. Determine a(v).
-7
Let b(u) be the third derivative of u**5/60 + u**4/12 + u**3/2 - 3*u**2. Suppose -3*i = 2*i. Suppose 4*v + 2 = -4*z + 2*z, i = 3*v - 2*z + 19. Determine b(v).
6
Let m(r) = r + 9. Suppose 3*i = -4*f + 77, -172 = -4*i + 2*f - 62. Suppose 12*w + i = -21. Determine m(w).
5
Let v(s) = -21*s + 43*s - 12*s**3 - 22*s. What is v(-1)?
12
Let k(i) = -82 + 14*i - 7*i + 21 + 2*i + 10*i - i**2. What is k(14)?
9
Let p be 4/14 + (-24)/(-14). Suppose 80 = p*g + 3*g. Suppose 0 = 3*f - g + 4. Let l(y) = y. What is l(f)?
4
Let k(j) be the third derivative of -j**7/2520 - j**6/120 - 7*j**5/120 + 5*j**4/24 + 12*j**2. Let n(x) be the second derivative of k(x). What is n(-6)?
-7
Let a be (-4)/(-6) + 1110/90. Let d(g) = g**3 - 14*g**2 + 15*g + 7. Determine d(a).
33
Suppose -5*k - 2*x = -6*x - 36, 20 = -5*x. Let r(v) = 0*v**2 + k*v + v**2 + 1 + v + v. Suppose 0*h + 4*h = -16. What is r(h)?
-7
Let f(l) = 2*l**3 - 4*l**2 - 8*l + 2. Let s(t) = t**2 - 14*t + 27. Let u be s(11). Let v(j) = -j**3 + 2*j**2 + 4*j - 1. Let q(m) = u*f(m) - 13*v(m). Give q(3).
-2
Let t(c) = -2 + c - 3 - 2 + c**3. Let k(s) = -s**2 + 7*s. Let g be k(7). Let o be g/(-2*(-4)/4). Calculate t(o).
-7
Let h(w) = -12*w + 33. Let o(u) = -5*u + 16. Let a(q) = -3*h(q) + 7*o(q). What is a(-14)?
-1
Suppose -w = -3*w - 3*d + 6, 0 = -w + 5*d + 3. Let t(h) = 3*h**2 + 1 - 5*h**2 - 3*h**3 + 2*h**w + 2*h. Suppose 0 = 87*c - 23*c + 192. Give t(c).
4
Suppose c - 5*c + 20 = 0. Suppose 2 + c = -7*z. Let t(q) be the second derivative of -3*q**5/10 - q**4/12 - q**3/6 + q. Give t(z).
6
Let h(t) = -4 - t - 2*t + 3 + t**2 - 3*t. Suppose 3*p + 5*b = 5*p + 1, 20 = 2*p + 2*b. Determine h(p).
6
Let l(x) be the second derivative of -x**4/12 - x**3 + 9*x**2/2 + x + 1. Give l(-7).
2
Suppose -4*p + 8*p - 2*q - 74 = 0, 3*p = q + 53. Let s(u) = u**3 - 16*u**2 + u - 11. What is s(p)?
5
Suppose -z - 1 = -0. Let a(o) be the third derivative of o**7/840 - o**6/720 - o**5/10 + 3*o**2. Let t(x) be the third derivative of a(x). Calculate t(z).
-7
Let a(g) = -g**2 - 11*g - 13. Let j(p) = -2*p**2 + 3*p - 1. Let y be j(3). Let t be a(y). Let x be (t/6)/((-1)/12). Let w(b) = b**2 - 7*b + 6. Calculate w(x).
0
Let a(f) = f**3 - 4*f**2 - 10*f - 7. Let h be a(6). Let g(w) = w**3 - 6*w**2 + 6*w - 2. Determine g(h).
3
Let s(a) be the second derivative of -a**5/20 - 13*a**4/12 + 7*a**3/3 + 7*a**2/2 - 604*a. Give s(-14).
7
Let g(u) = u**2 + 7*u + 3. Suppose 0*l - 274 = 5*l - 2*m, 5*l = 4*m - 278. Let n be (5/3 + -2)*l. Suppose n*s - 16*s = -12. Give g(s).
-3
Let b be (3/(-6))/(2/(-40)). Let f = -7 + b. Let u(o) = 3*o**2 - 21 + 24 - 2*o + o**2 - o**3. What is u(f)?
6
Suppose 3*q + q = -4*c, -c = -3*q - 20. Let h(u) = -u**3 + 5*u**2 + 3*u - 7. Give h(c).
8
Suppose 3*x + 2*x = -10, 0 = -5*z + 2*x - 141. Let n = z + 25. Let s(u) be the second derivative of u**3/6 + 9*u**2/2 + u. What is s(n)?
5
Suppose -2*c = -c + 3*u - 1, 4*u = -c + 2. Let z(j) = j + 39*j**2 - 73*j**2 + 2 + 40*j**2 - 4. Calculate z(c).
20
Let k = -96 + 101. Suppose w = -s + 2*w + 3, -k*s = w - 45. Let j(b) be the third derivative of b**6/120 - 3*b**5/20 + 3*b**4/8 - b**3/6 - 2*b**2. Give j(s).
7
Let r(p) = -2*p + 7*p + 0*p + 2*p. Suppose 2*a = l + l + 2, -3*a + l - 1 = 0. Calculate r(a).
-7
Let u(z) = z**3 + 6*z**2 - 5*z + 9. Let w = -1224 + 1233. Let c(k) = 11*k + 3 - k**2 - 1 - 3*k. Let x be c(w). What is u(x)?
-5
Let m(u) = u**3 - 4*u**2 + u + 2. Let d be m(4). Let x be (1 + d)*4/7. Let c(s) be the third derivative of s**4/12 - 2*s**3/3 + s**2. Give c(x).
4
Let h(s) be the first derivative of -1 + 9/2*s**2 - 1/3*s**3 - 3*s. Calculate h(8).
5
Let m(r) = -17*r + 1. Let c be (2/(-2) + 2)*(-39)/(-13). Calculate m(c).
-50
Let k(s) be the first derivative of s**3/3 - s**2/2 - 3*s + 107. Give k(7).
39
Let c(d) = d**2 + 3*d - 4. Suppose -9 = -h - 6. Suppose 0 = -4*b - h*b - 21. Give c(b).
-4
Let a be 14/8 - (-4)/16. Let o be (3/a)/(28/112). Let x(c) = -c**3 + 6*c**2 - 3*c + 3. What is x(o)?
-15
Let x(m) = -4269*m + 3*m**3 + 4277*m + 3 - 2*m**3 + 10*m**2. Calculate x(-9).
12
Let h(x) be the third derivative of x**5/60 - 7*x**4/24 - 2*x**3/3 - 10*x**2 + 6. Give h(8).
4
Let z(i) = -i**3 - 192*i**2 - 1647*i - 1. Let m be z(-183). Let w(f) = 2*f + 1 - f**3 + 4*f**3 + 3*f**2 - f**2. Calculate w(m).
-2
Suppose 11*x - 45 = 10. Let j(o) = -6 + o**3 - 3*o + x*o - 11*o + 7*o**2. Give j(-8).
2
Let g(n) = -14*n - 986. Let d be g(-71). Let h(t) = t**3 - 9*t**2 + 6*t + 3. Calculate h(d).
-13
Let h be 1280/720 + (-4)/54*-3. Let x(t) = 11*t**2 + 7*t**h + 4*t**3 - t - 19*t**2 - 3*t**3. Calculate x(0).
0
Suppose -598*k + 603*k = 15. Let l(n) = n**3 - 3*n**2 - 2*n - 4. Calculate l(k).
-10
Let x(f) = f**3 + 4*f**2 + 2*f + 2. Let o(p) = -5*p**3 - 20*p**2 - 11*p - 11. Let u(t) = -2*o(t) - 11*x(t). Suppose 0 = -7*c - 23 - 5. Calculate u(c).
0
Let w(r) = -7*r**2 - 11*r + 0*r**2 + 8*r**2 + r**2 + 7 - r**2. Determine w(9).
-11
Let r(z) = z**3 + 9*z**2 - 8*z + 26. Let h be r(-10). Suppose -h + 1 = -x. Let y(k) = k**2 - 4*k - 6. Give y(x).
-1
Suppose -j = -b - 4*j - 4, -6 = b + 4*j. Suppose 2*t - b*c + 14 = 0, -c + 22 = -4*t - 3. Let x(y) = -y - 4. What is x(t)?
2
Let t(s) = -7*s**2 - 1 - s + 2*s + 4 + 0. Let h(c) = 3*c**2 - c - 1. Let x(y) = 9*h(y) + 4*t(y). Determine x(-7).
-11
Suppose 17 = 2*t + y, 5*t - 8*t - 4*y + 13 = 0. Let j(w) = -w**2 + 9*w + 13. Give j(t).
-9
Let b(u) be the second derivative of u**8/6720 - u**7/1260 - u**6/180 - 17*u**4/12 + 40*u. Let y(q) be the third derivative of b(q). What is y(3)?
-3
Let a(f) = 5*f - 6. Suppose 102 = 23*p - 13. Determine a(p).
19
Let u(w) = -2*w**2 - 14*w - 7. 